[INFO] fetching crate ak-rt 0.1.1...
[INFO] checking ak-rt-0.1.1 against master#af3c6e733a40e671550e0f0f5aeecaa13772ba56 for pr-74989
[INFO] extracting crate ak-rt 0.1.1 into /workspace/builds/worker-11/source
[INFO] validating manifest of crates.io crate ak-rt 0.1.1 on toolchain af3c6e733a40e671550e0f0f5aeecaa13772ba56
[INFO] running `Command { std: "/workspace/cargo-home/bin/cargo" "+af3c6e733a40e671550e0f0f5aeecaa13772ba56" "read-manifest" "--manifest-path" "Cargo.toml", kill_on_drop: false }`
[INFO] started tweaking crates.io crate ak-rt 0.1.1
[INFO] finished tweaking crates.io crate ak-rt 0.1.1
[INFO] tweaked toml for crates.io crate ak-rt 0.1.1 written to /workspace/builds/worker-11/source/Cargo.toml
[INFO] running `Command { std: "/workspace/cargo-home/bin/cargo" "+af3c6e733a40e671550e0f0f5aeecaa13772ba56" "generate-lockfile" "--manifest-path" "Cargo.toml" "-Zno-index-update", kill_on_drop: false }`
[INFO] running `Command { std: "/workspace/cargo-home/bin/cargo" "+af3c6e733a40e671550e0f0f5aeecaa13772ba56" "fetch" "--locked" "--manifest-path" "Cargo.toml", kill_on_drop: false }`
[INFO] running `Command { std: "docker" "create" "-v" "/var/lib/crater-agent-workspace/builds/worker-11/target:/opt/rustwide/target:rw,Z" "-v" "/var/lib/crater-agent-workspace/builds/worker-11/source:/opt/rustwide/workdir:ro,Z" "-v" "/var/lib/crater-agent-workspace/cargo-home:/opt/rustwide/cargo-home:ro,Z" "-v" "/var/lib/crater-agent-workspace/rustup-home:/opt/rustwide/rustup-home:ro,Z" "-e" "SOURCE_DIR=/opt/rustwide/workdir" "-e" "CARGO_TARGET_DIR=/opt/rustwide/target" "-e" "CARGO_HOME=/opt/rustwide/cargo-home" "-e" "RUSTUP_HOME=/opt/rustwide/rustup-home" "-w" "/opt/rustwide/workdir" "-m" "1610612736" "--user" "0:0" "--network" "none" "rustops/crates-build-env@sha256:d92eaeed33fa75130ca1ee6c8a01d1ffb62bac859dfdfb3450e3e5d1c0146529" "/opt/rustwide/cargo-home/bin/cargo" "+af3c6e733a40e671550e0f0f5aeecaa13772ba56" "metadata" "--no-deps" "--format-version=1", kill_on_drop: false }`
[INFO] [stdout] 51e335daa6fb4a3558da3a64d019a5d935cc9b5283898d74b50582594f3f4053
[INFO] [stderr] WARNING: Your kernel does not support swap limit capabilities or the cgroup is not mounted. Memory limited without swap.
[INFO] running `Command { std: "docker" "start" "-a" "51e335daa6fb4a3558da3a64d019a5d935cc9b5283898d74b50582594f3f4053", kill_on_drop: false }`
[INFO] running `Command { std: "docker" "inspect" "51e335daa6fb4a3558da3a64d019a5d935cc9b5283898d74b50582594f3f4053", kill_on_drop: false }`
[INFO] running `Command { std: "docker" "rm" "-f" "51e335daa6fb4a3558da3a64d019a5d935cc9b5283898d74b50582594f3f4053", kill_on_drop: false }`
[INFO] [stdout] 51e335daa6fb4a3558da3a64d019a5d935cc9b5283898d74b50582594f3f4053
[INFO] running `Command { std: "docker" "create" "-v" "/var/lib/crater-agent-workspace/builds/worker-11/target:/opt/rustwide/target:rw,Z" "-v" "/var/lib/crater-agent-workspace/builds/worker-11/source:/opt/rustwide/workdir:ro,Z" "-v" "/var/lib/crater-agent-workspace/cargo-home:/opt/rustwide/cargo-home:ro,Z" "-v" "/var/lib/crater-agent-workspace/rustup-home:/opt/rustwide/rustup-home:ro,Z" "-e" "SOURCE_DIR=/opt/rustwide/workdir" "-e" "CARGO_TARGET_DIR=/opt/rustwide/target" "-e" "CARGO_INCREMENTAL=0" "-e" "RUST_BACKTRACE=full" "-e" "RUSTFLAGS=--cap-lints=forbid" "-e" "CARGO_HOME=/opt/rustwide/cargo-home" "-e" "RUSTUP_HOME=/opt/rustwide/rustup-home" "-w" "/opt/rustwide/workdir" "-m" "1610612736" "--user" "0:0" "--network" "none" "rustops/crates-build-env@sha256:d92eaeed33fa75130ca1ee6c8a01d1ffb62bac859dfdfb3450e3e5d1c0146529" "/opt/rustwide/cargo-home/bin/cargo" "+af3c6e733a40e671550e0f0f5aeecaa13772ba56" "check" "--frozen" "--all" "--all-targets" "--message-format=json", kill_on_drop: false }`
[INFO] [stdout] 05c348e79624fa16deabbca37de71ae486359e36d3237006fa5115f3562a90eb
[INFO] [stderr] WARNING: Your kernel does not support swap limit capabilities or the cgroup is not mounted. Memory limited without swap.
[INFO] running `Command { std: "docker" "start" "-a" "05c348e79624fa16deabbca37de71ae486359e36d3237006fa5115f3562a90eb", kill_on_drop: false }`
[INFO] [stderr]     Checking futures-core-preview v0.3.0-alpha.19
[INFO] [stderr]     Checking slab v0.4.2
[INFO] [stderr]     Checking pin-utils v0.1.0
[INFO] [stderr]     Checking tokio v0.2.22
[INFO] [stderr]     Checking futures-channel-preview v0.3.0-alpha.19
[INFO] [stderr]     Checking futures-util-preview v0.3.0-alpha.19
[INFO] [stderr]     Checking tokio-executor v0.2.0-alpha.6
[INFO] [stderr]     Checking ak-rt v0.1.1 (/opt/rustwide/workdir)
[INFO] [stdout] error[E0432]: unresolved import `tokio::prelude::Future`
[INFO] [stdout]  --> src/lib.rs:1:5
[INFO] [stdout]   |
[INFO] [stdout] 1 | use tokio::prelude::Future;
[INFO] [stdout]   |     ^^^^^^^^^^^^^^^^^^^^^^ no `Future` in `prelude`
[INFO] [stdout] 
[INFO] [stdout] 
[INFO] [stdout] error[E0432]: unresolved import `tokio::spawn`
[INFO] [stdout]  --> src/lib.rs:2:5
[INFO] [stdout]   |
[INFO] [stdout] 2 | use tokio::spawn;
[INFO] [stdout]   |     ^^^^^^^^^^^^ no `spawn` in the root
[INFO] [stdout] 
[INFO] [stdout] 
[INFO] [stderr] error: could not compile `ak-rt`.
[INFO] [stdout] error[E0433]: failed to resolve: could not find `current_thread` in `tokio_executor`
[INFO] [stdout]  --> src/lib.rs:5:21
[INFO] [stdout]   |
[INFO] [stdout] 5 |     tokio_executor::current_thread::block_on_all(async {
[INFO] [stdout]   |                     ^^^^^^^^^^^^^^ could not find `current_thread` in `tokio_executor`
[INFO] [stdout] 
[INFO] [stdout] 
[INFO] [stderr] 
[INFO] [stdout] error[E0432]: unresolved import `tokio::prelude::Future`
[INFO] [stdout]  --> src/lib.rs:1:5
[INFO] [stdout]   |
[INFO] [stdout] 1 | use tokio::prelude::Future;
[INFO] [stdout]   |     ^^^^^^^^^^^^^^^^^^^^^^ no `Future` in `prelude`
[INFO] [stdout] 
[INFO] [stdout] 
[INFO] [stderr] To learn more, run the command again with --verbose.
[INFO] [stdout] error[E0432]: unresolved import `tokio::spawn`
[INFO] [stdout]  --> src/lib.rs:2:5
[INFO] [stdout]   |
[INFO] [stdout] 2 | use tokio::spawn;
[INFO] [stdout]   |     ^^^^^^^^^^^^ no `spawn` in the root
[INFO] [stdout] 
[INFO] [stdout] 
[INFO] [stderr] warning: build failed, waiting for other jobs to finish...
[INFO] [stdout] error[E0433]: failed to resolve: could not find `current_thread` in `tokio_executor`
[INFO] [stdout]   --> src/lib.rs:11:21
[INFO] [stdout]    |
[INFO] [stdout] 11 |     tokio_executor::current_thread::spawn(fut);
[INFO] [stdout]    |                     ^^^^^^^^^^^^^^ could not find `current_thread` in `tokio_executor`
[INFO] [stdout] 
[INFO] [stdout] 
[INFO] [stdout] error: aborting due to 4 previous errors
[INFO] [stdout] 
[INFO] [stdout] 
[INFO] [stdout] Some errors have detailed explanations: E0432, E0433.
[INFO] [stdout] 
[INFO] [stdout] For more information about an error, try `rustc --explain E0432`.
[INFO] [stdout] 
[INFO] [stdout] error[E0433]: failed to resolve: could not find `current_thread` in `tokio_executor`
[INFO] [stdout]  --> src/lib.rs:5:21
[INFO] [stdout]   |
[INFO] [stdout] 5 |     tokio_executor::current_thread::block_on_all(async {
[INFO] [stdout]   |                     ^^^^^^^^^^^^^^ could not find `current_thread` in `tokio_executor`
[INFO] [stdout] 
[INFO] [stdout] 
[INFO] [stdout] error[E0433]: failed to resolve: could not find `current_thread` in `tokio_executor`
[INFO] [stdout]   --> src/lib.rs:11:21
[INFO] [stdout]    |
[INFO] [stdout] 11 |     tokio_executor::current_thread::spawn(fut);
[INFO] [stdout]    |                     ^^^^^^^^^^^^^^ could not find `current_thread` in `tokio_executor`
[INFO] [stdout] 
[INFO] [stdout] 
[INFO] [stdout] error: aborting due to 4 previous errors
[INFO] [stdout] 
[INFO] [stdout] 
[INFO] [stdout] Some errors have detailed explanations: E0432, E0433.
[INFO] [stdout] 
[INFO] [stdout] For more information about an error, try `rustc --explain E0432`.
[INFO] [stdout] 
[INFO] [stderr] error: build failed
[INFO] running `Command { std: "docker" "inspect" "05c348e79624fa16deabbca37de71ae486359e36d3237006fa5115f3562a90eb", kill_on_drop: false }`
[INFO] running `Command { std: "docker" "rm" "-f" "05c348e79624fa16deabbca37de71ae486359e36d3237006fa5115f3562a90eb", kill_on_drop: false }`
[INFO] [stdout] 05c348e79624fa16deabbca37de71ae486359e36d3237006fa5115f3562a90eb
